{"id":24,"date":"2018-07-07T18:02:25","date_gmt":"2018-07-07T18:02:25","guid":{"rendered":"http:\/\/ffw-bogenberg.de\/?page_id=24"},"modified":"2021-04-09T15:08:07","modified_gmt":"2021-04-09T15:08:07","slug":"impressum-datenschutz","status":"publish","type":"page","link":"https:\/\/ffw-bogenberg.de\/?page_id=24","title":{"rendered":"Impressum&#038;Datenschutz"},"content":{"rendered":"<div class=\"entry-content\">\n<p><strong><img loading=\"lazy\" decoding=\"async\" class=\"size-full wp-image-29 alignright\" src=\"http:\/\/ffw-bogenberg.de\/wp-content\/uploads\/2018\/07\/a7.jpg\" alt=\"\" width=\"76\" height=\"90\">Freiwillige Feuerwehr Bogenberg e.V.<br \/>\n<\/strong>Steuernummer: 18631569<\/p>\n<p><strong>Thomas Rackl<br \/>\n1. Vorstand<br \/>\n<\/strong>Grubh\u00f6h 1<br \/>\n94327 Bogen<br \/>\nTel.: 09422-6316<br \/>\nHandy: 0175-387 86 65<br \/>\n1.vorstand@ff-bogenberg.de<\/p>\n<p><strong>Daniel Sch\u00e4tz<\/strong><br \/>\n<strong>1. Kommandant<\/strong><br \/>\nBreitenweinzier 38c<br \/>\n94327 Bogen<br \/>\nHandy: 0171-2771604<br \/>\n1.kommandant@ff-bogenberg.de<\/p>\n<p><img loading=\"lazy\" decoding=\"async\" class=\"alignnone size-medium wp-image-28\" src=\"http:\/\/ffw-bogenberg.de\/wp-content\/uploads\/2018\/07\/anfahrtskizze2-300x166.jpg\" alt=\"\" width=\"300\" height=\"166\" srcset=\"https:\/\/ffw-bogenberg.de\/wp-content\/uploads\/2018\/07\/anfahrtskizze2-300x166.jpg 300w, https:\/\/ffw-bogenberg.de\/wp-content\/uploads\/2018\/07\/anfahrtskizze2.jpg 480w\" sizes=\"auto, (max-width: 300px) 100vw, 300px\" \/><\/p>\n<p><strong>Verantwortlich f\u00fcr den Inhalt<\/strong><br \/>\nBei Beschwerden, Hinweisen und Anregungen wenden Sie sich bitte zun\u00e4chst an den Verantwortlichen f\u00fcr die Website:<br \/>\nHerr Maximilian Bogner<br \/>\nwebmaster@ff-bogenberg.de<\/p>\n<p>Namentlich gekennzeichnete Internetseiten geben die Auffassungen und Erkenntnisse der genannten Personen wieder.<\/p>\n<p><strong>Nutzungsbedingungen<\/strong><br \/>\nText, Bilder, Grafiken sowie die Gestaltung dieser Internetseiten unterliegen dem Urheberrecht. Sie d\u00fcrfen von Ihnen nur zum privaten und sonstigen eigenen Gebrauch im Rahmen des \u00a753 des Urheberrechtsgesetz (UrhG) verwendet werden. Eine Vervielf\u00e4ltigung oder Verwendung dieser Seiten oder Teilen davon in anderen elektronischen oder gedruckten Publikationen und deren Ver\u00f6ffentlichung ist nur mit unserer Einwilligung gestattet. Diese erteilen auf Anfrage die f\u00fcr den Inhalt Verantwortlichen. Weiterhin k\u00f6nnen Texte, Bilder, Grafiken und sonstige Dateien ganz oder teilweise dem Urheberrecht Dritter unterliegen. Auch \u00fcber das Bestehen m\u00f6glicher Rechte Dritter geben Ihnen die f\u00fcr den Inhalt Verantwortlichen n\u00e4here Ausk\u00fcnfte.<\/p>\n<p>Der Nachdruck und die Auswertung von Pressemitteilungen und Reden sind mit Quellenangabe allgemein gestattet.<\/p>\n<p><strong>Haftungsausschluss<\/strong><br \/>\nAlle auf dieser Internetseite bereitgestellten Informationen haben wir nach bestem Wissen und Gewissen erarbeitet und gepr\u00fcft. Eine Gew\u00e4hr f\u00fcr die jederzeitige Aktualit\u00e4t, Richtigkeit, Vollst\u00e4ndigkeit und Verf\u00fcgbarkeit der bereit gestellten Informationen k\u00f6nnen wir allerdings nicht \u00fcbernehmen. Ein Vertragsverh\u00e4ltnis mit den Nutzern des Internetangebotes kommt nicht zustande.<\/p>\n<p>Wir haften nicht f\u00fcr Sch\u00e4den, die durch die Nutzung dieses Internetangebotes entstehen. F\u00fcr etwaige Sch\u00e4den, die beim Aufrufen oder Herunterladen von Daten durch Schadsoftware oder der Installation oder Nutzung von Software verursacht werden, wird nicht gehaftet.<\/p>\n<p><strong>Links<\/strong><br \/>\nVon unseren eigenen Inhalten sind Querverweise (\u201cLinks\u201d) auf die Webseiten anderer Anbieter zu unterscheiden. Durch diese Links erm\u00f6glichen wir lediglich den Zugang zur Nutzung fremder Inhalte nach \u00a78 Telemediengesetz. Bei der erstmaligen Verkn\u00fcpfung mit diesen Internetangeboten haben wir diese fremden Inhalte daraufhin \u00fcberpr\u00fcft, ob durch sie eine m\u00f6gliche zivilrechtliche oder strafrechtliche Verantwortlichkeit ausgel\u00f6st wird. Wir k\u00f6nnen diese fremden Inhalte aber nicht st\u00e4ndig auf Ver\u00e4nderungen \u00fcberpr\u00fcfen und daher auch keine Verantwortung daf\u00fcr \u00fcbernehmen. F\u00fcr illegale, fehlerhafte oder unvollst\u00e4ndige Inhalte und insbesondere f\u00fcr Sch\u00e4den, die aus der Nutzung oder Nichtnutzung von Informationen Dritter entstehen, haftet allein der jeweilige Anbieter der Seite.<\/p>\n<p><strong>Protokollierung<\/strong><br \/>\nWenn Sie diese oder andere Internetseiten aufrufen, \u00fcbermitteln Sie \u00fcber Ihren Internetbrowser Daten an unsere Webserver. Die folgenden Daten werden w\u00e4hrend einer laufenden Verbindung zur Kommunikation zwischen Ihrem Internetbrowser und unserem Webserver aufgezeichnet:<\/p>\n<ul>\n<li>Datum und Uhrzeit der Anforderung<\/li>\n<li>Name der angeforderten Datei<\/li>\n<li>Seite, von der aus die Datei angefordert wurde<\/li>\n<li>Zugriffsstatus (Datei \u00fcbertragen, Datei nicht gefunden, etc.)<\/li>\n<li>verwendete Webbrowser und verwendetes Betriebssystem<\/li>\n<li>vollst\u00e4ndige IP-Adresse des anfordernden Rechners<\/li>\n<li>\u00fcbertragene Datenmenge<\/li>\n<\/ul>\n<p>Aus Gr\u00fcnden der technischen Sicherheit, insbesondere zur Abwehr von Angriffsversuchen auf unsere Webserver, werden diese Daten von uns gespeichert. Nach sp\u00e4testens sieben Tagen werden die Daten durch Verk\u00fcrzung der IP-Adresse auf Domain-Ebene anonymisiert, so dass es nicht mehr m\u00f6glich ist, einen Bezug auf einzelne Nutzer herzustellen. Die Daten werden ausschlie\u00dflich zu diesem Zweck und in anonymisierter Form zu statistischen Zwecken verarbeitet; ein Abgleich mit anderen Datenbest\u00e4nden oder eine Weitergabe an Dritte, auch in Ausz\u00fcgen, findet nicht statt.<\/p>\n<p><strong>Cookies<\/strong><br \/>\nBeim Zugriff auf dieses Internetangebot werden von uns Cookies (kleine Dateien) auf ihre Festplatte gespeichert. Wir verwenden diese ausschlie\u00dflich dazu, Sie bei diesem oder weiteren Besuchen unserer Webseite zu identifizieren. Die meisten Browser sind so eingestellt, dass sie die Verwendung von Cookies akzeptieren, diese Funktion kann aber durch die Einstellung des Internetbrowsers von Ihnen f\u00fcr die laufende Sitzung oder dauerhaft abgeschaltet werden.<\/p>\n<p><strong>Aktive Komponenten<\/strong><br \/>\nIm Informationsangebot der Freiwilligen Feuerwehr Bogenberg e.V. werden aktive Komponenten wie Javascript, Java-Applets oder Active-X-Controls verwendet. Diese Funktion kann durch die Einstellung Ihres Internetbrowsers von Ihnen abgeschaltet werden.<\/p>\n<p>Auswertung des Nutzerverhaltens (Webtracking-Systeme)<br \/>\nProgramme zur Auswertung des Nutzerverhaltens werden von uns nicht eingesetzt.<\/p>\n<p><strong>Elektronische Post (E-Mail)<\/strong><br \/>\nInformationen, die Sie unverschl\u00fcsselt per Elektronische Post (E-Mail) an uns senden, k\u00f6nnen m\u00f6glicherweise auf dem \u00dcbertragungsweg von Dritten gelesen werden. Wir k\u00f6nnen in der Regel auch Ihre Identit\u00e4t nicht \u00fcberpr\u00fcfen und wissen nicht, wer sich hinter einer E-Mail-Adresse verbirgt. Eine rechtssichere Kommunikation durch einfache E-Mail ist daher nicht gew\u00e4hrleistet. Wir setzen \u2013 wie viele E-Mail-Anbieter \u2013 Filter gegen unerw\u00fcnschte Werbung (\u201cSPAM-Filter\u201d) ein, die in seltenen F\u00e4llen auch normale E-Mails f\u00e4lschlicherweise automatisch als unerw\u00fcnschte Werbung einordnen und l\u00f6schen. E-Mails, die sch\u00e4digende Programme (\u201cViren\u201d) enthalten, werden von uns in jedem Fall automatisch gel\u00f6scht.<br \/>\nWenn Sie schutzw\u00fcrdige Nachrichten an uns senden wollen, empfehlen wir, diese zu verschl\u00fcsseln und zu signieren, um eine unbefugte Kenntnisnahme und Verf\u00e4lschung auf dem \u00dcbertragungsweg zu verhindern oder die Nachricht auf konventionellem Postwege an uns zu senden.<\/p>\n<p><strong>Weitere Ansprechpartner<\/strong><br \/>\nBei Fragen zum Layout oder Programmierung k\u00f6nnen Sie sich an die Webmaster \u00fcber die oben genannte Email Adresse und \u00fcber die Vorstandschaft des Vereins wenden.<\/p>\n<\/div>\n","protected":false},"excerpt":{"rendered":"<p>Freiwillige Feuerwehr Bogenberg e.V. Steuernummer: 18631569 Thomas Rackl 1. Vorstand Grubh\u00f6h 1 94327 Bogen Tel.: 09422-6316 Handy: 0175-387 86 65 1.vorstand@ff-bogenberg.de Daniel Sch\u00e4tz 1. Kommandant Breitenweinzier 38c 94327 Bogen Handy: 0171-2771604 1.kommandant@ff-bogenberg.de Verantwortlich f\u00fcr den Inhalt Bei Beschwerden, Hinweisen und Anregungen wenden Sie sich bitte zun\u00e4chst an den Verantwortlichen f\u00fcr die Website: Herr Maximilian Bogner [&hellip;]<\/p>\n","protected":false},"author":1,"featured_media":0,"parent":0,"menu_order":0,"comment_status":"closed","ping_status":"closed","template":"","meta":{"ngg_post_thumbnail":0,"footnotes":""},"class_list":["post-24","page","type-page","status-publish","hentry","post-preview"],"jetpack_sharing_enabled":true,"_links":{"self":[{"href":"https:\/\/ffw-bogenberg.de\/index.php?rest_route=\/wp\/v2\/pages\/24","targetHints":{"allow":["GET"]}}],"collection":[{"href":"https:\/\/ffw-bogenberg.de\/index.php?rest_route=\/wp\/v2\/pages"}],"about":[{"href":"https:\/\/ffw-bogenberg.de\/index.php?rest_route=\/wp\/v2\/types\/page"}],"author":[{"embeddable":true,"href":"https:\/\/ffw-bogenberg.de\/index.php?rest_route=\/wp\/v2\/users\/1"}],"replies":[{"embeddable":true,"href":"https:\/\/ffw-bogenberg.de\/index.php?rest_route=%2Fwp%2Fv2%2Fcomments&post=24"}],"version-history":[{"count":6,"href":"https:\/\/ffw-bogenberg.de\/index.php?rest_route=\/wp\/v2\/pages\/24\/revisions"}],"predecessor-version":[{"id":294,"href":"https:\/\/ffw-bogenberg.de\/index.php?rest_route=\/wp\/v2\/pages\/24\/revisions\/294"}],"wp:attachment":[{"href":"https:\/\/ffw-bogenberg.de\/index.php?rest_route=%2Fwp%2Fv2%2Fmedia&parent=24"}],"curies":[{"name":"wp","href":"https:\/\/api.w.org\/{rel}","templated":true}]}}